{"id":487,"date":"2022-02-13T05:14:58","date_gmt":"2022-02-13T05:14:58","guid":{"rendered":"http:\/\/herbiziola.pl\/?post_type=product&#038;p=487"},"modified":"2025-09-15T19:16:45","modified_gmt":"2025-09-15T19:16:45","slug":"macerat-olejowy-z-wiesiolka","status":"publish","type":"product","link":"https:\/\/herbiziola.pl\/?product=macerat-olejowy-z-wiesiolka","title":{"rendered":"MACERAT OLEJOWY Z WIESIO\u0141KA"},"content":{"rendered":"<p>MACERAT OLEJOWY Z WIESIO\u0141KA<\/p>\n<p>Zastosowanie: do u\u017cytku zewn\u0119trznego<\/p>\n<p>Sk\u0142ad: wiesio\u0142ek nasiona, olej dziurawcowy<\/p>\n<p>Zastosowanie: w dolegliwo\u015bciach sk\u00f3rnych, egzemach, tr\u0105dziku, wyg\u0142adza sk\u00f3r\u0119, zapobiega \u0142uszczeniu si\u0119, powstawaniu wyprysk\u00f3w, utrzymuje j\u0119drno\u015b\u0107 i elastyczno\u015b\u0107 sk\u00f3ry, dostarcza du\u017cej ilo\u015bci kwas\u00f3w t\u0142uszczowych, kt\u00f3re buduj\u0105 warstw\u0119 fosfolipidow\u0105 kom\u00f3rek, wiesio\u0142ek jest cudown\u0105 ro\u015blin\u0105 do piel\u0119gnacji sk\u00f3ry z problemami, zrogowacia\u0142ej, \u0142uszcz\u0105cej si\u0119, w regeneracji nask\u00f3rka,<\/p>\n<p>Nasze maceraty powstaj\u0105 wy\u0142\u0105cznie z naturalnych sk\u0142adnik\u00f3w, nie zawieraj\u0105 sztucznych dodatk\u00f3w, konserwant\u00f3w oraz barwnik\u00f3w.<\/p>\n<p>Pojemno\u015b\u0107: 180 ml<\/p>\n<p>Producent: Polska<\/p>\n<p>Wa\u017cne!!<\/p>\n<p>Sk\u0142adniki oleju mog\u0105 wywo\u0142ywa\u0107 zwi\u0119kszon\u0105 podatno\u015b\u0107 na s\u0142o\u0144ce, dlatego nie wolno u\u017cywa\u0107 maceratu przebywaj\u0105c na s\u0142o\u0144cu.<\/p>\n","protected":false},"excerpt":{"rendered":"<p>Zastosowanie: w dolegliwo\u015bciach sk\u00f3rnych, egzemach, tr\u0105dziku, wyg\u0142adza sk\u00f3r\u0119, zapobiega \u0142uszczeniu si\u0119, powstawaniu wyprysk\u00f3w &#8230;<\/p>\n","protected":false},"featured_media":489,"template":"","meta":{"ocean_post_layout":"","ocean_both_sidebars_style":"","ocean_both_sidebars_content_width":0,"ocean_both_sidebars_sidebars_width":0,"ocean_sidebar":"0","ocean_second_sidebar":"0","ocean_disable_margins":"enable","ocean_add_body_class":"","ocean_shortcode_before_top_bar":"","ocean_shortcode_after_top_bar":"","ocean_shortcode_before_header":"","ocean_shortcode_after_header":"","ocean_has_shortcode":"","ocean_shortcode_after_title":"","ocean_shortcode_before_footer_widgets":"","ocean_shortcode_after_footer_widgets":"","ocean_shortcode_before_footer_bottom":"","ocean_shortcode_after_footer_bottom":"","ocean_display_top_bar":"default","ocean_display_header":"default","ocean_header_style":"","ocean_center_header_left_menu":"0","ocean_custom_header_template":"0","ocean_custom_logo":0,"ocean_custom_retina_logo":0,"ocean_custom_logo_max_width":0,"ocean_custom_logo_tablet_max_width":0,"ocean_custom_logo_mobile_max_width":0,"ocean_custom_logo_max_height":0,"ocean_custom_logo_tablet_max_height":0,"ocean_custom_logo_mobile_max_height":0,"ocean_header_custom_menu":"0","ocean_menu_typo_font_family":"0","ocean_menu_typo_font_subset":"","ocean_menu_typo_font_size":0,"ocean_menu_typo_font_size_tablet":0,"ocean_menu_typo_font_size_mobile":0,"ocean_menu_typo_font_size_unit":"px","ocean_menu_typo_font_weight":"","ocean_menu_typo_font_weight_tablet":"","ocean_menu_typo_font_weight_mobile":"","ocean_menu_typo_transform":"","ocean_menu_typo_transform_tablet":"","ocean_menu_typo_transform_mobile":"","ocean_menu_typo_line_height":0,"ocean_menu_typo_line_height_tablet":0,"ocean_menu_typo_line_height_mobile":0,"ocean_menu_typo_line_height_unit":"","ocean_menu_typo_spacing":0,"ocean_menu_typo_spacing_tablet":0,"ocean_menu_typo_spacing_mobile":0,"ocean_menu_typo_spacing_unit":"","ocean_menu_link_color":"","ocean_menu_link_color_hover":"","ocean_menu_link_color_active":"","ocean_menu_link_background":"","ocean_menu_link_hover_background":"","ocean_menu_link_active_background":"","ocean_menu_social_links_bg":"","ocean_menu_social_hover_links_bg":"","ocean_menu_social_links_color":"","ocean_menu_social_hover_links_color":"","ocean_disable_title":"default","ocean_disable_heading":"default","ocean_post_title":"","ocean_post_subheading":"","ocean_post_title_style":"","ocean_post_title_background_color":"","ocean_post_title_background":0,"ocean_post_title_bg_image_position":"","ocean_post_title_bg_image_attachment":"","ocean_post_title_bg_image_repeat":"","ocean_post_title_bg_image_size":"","ocean_post_title_height":0,"ocean_post_title_bg_overlay":0.5,"ocean_post_title_bg_overlay_color":"","ocean_disable_breadcrumbs":"default","ocean_breadcrumbs_color":"","ocean_breadcrumbs_separator_color":"","ocean_breadcrumbs_links_color":"","ocean_breadcrumbs_links_hover_color":"","ocean_display_footer_widgets":"default","ocean_display_footer_bottom":"default","ocean_custom_footer_template":"0","omw_enable_modal_window":"enable"},"product_brand":[],"product_cat":[32],"product_tag":[],"class_list":{"0":"post-487","1":"product","2":"type-product","3":"status-publish","4":"has-post-thumbnail","6":"product_cat-maceraty","8":"entry","9":"has-media","11":"first","12":"instock","13":"shipping-taxable","14":"purchasable","15":"product-type-simple","16":"has-product-nav","17":"col","18":"span_1_of_3","19":"owp-content-center","20":"owp-thumbs-layout-horizontal","21":"owp-btn-normal","22":"owp-tabs-layout-horizontal","23":"has-no-thumbnails"},"_links":{"self":[{"href":"https:\/\/herbiziola.pl\/index.php?rest_route=\/wp\/v2\/product\/487","targetHints":{"allow":["GET"]}}],"collection":[{"href":"https:\/\/herbiziola.pl\/index.php?rest_route=\/wp\/v2\/product"}],"about":[{"href":"https:\/\/herbiziola.pl\/index.php?rest_route=\/wp\/v2\/types\/product"}],"wp:featuredmedia":[{"embeddable":true,"href":"https:\/\/herbiziola.pl\/index.php?rest_route=\/wp\/v2\/media\/489"}],"wp:attachment":[{"href":"https:\/\/herbiziola.pl\/index.php?rest_route=%2Fwp%2Fv2%2Fmedia&parent=487"}],"wp:term":[{"taxonomy":"product_brand","embeddable":true,"href":"https:\/\/herbiziola.pl\/index.php?rest_route=%2Fwp%2Fv2%2Fproduct_brand&post=487"},{"taxonomy":"product_cat","embeddable":true,"href":"https:\/\/herbiziola.pl\/index.php?rest_route=%2Fwp%2Fv2%2Fproduct_cat&post=487"},{"taxonomy":"product_tag","embeddable":true,"href":"https:\/\/herbiziola.pl\/index.php?rest_route=%2Fwp%2Fv2%2Fproduct_tag&post=487"}],"curies":[{"name":"wp","href":"https:\/\/api.w.org\/{rel}","templated":true}]}}